) + 3*y(a). What is the tens digit of j(-10)?
2
Let w(s) = 2*s + 1. Suppose 3*z - 3 = 3. Let p be w(z). Suppose p*f - 18 - 22 = 0. What is the units digit of f?
8
Suppose -5*a - 3*k - k + 75 = 0, 0 = a + 3*k - 4. What is the units digit of a?
9
What is the units digit of (-9)/12 + 141/12?
1
Let p(r) = -19*r**3 + r**2 - 1. Let n be (-2)/(-4)*(0 + 2). Let i be p(n). Let a = i - -32. What is the units digit of a?
3
Let f(b) = b**2 - 2*b. Let g be f(3). Suppose g = r - 2. Suppose -n = 4*n - r. What is the units digit of n?
1
Suppose -x - 13 = -2*x - l, 3*x - l - 19 = 0. Let m(k) = -k**3 + 7*k**2 + 7*k + 10. Let f be m(x). What is the units digit of f/(-6) + (-39)/(-9)?
4
What is the units digit of 66/30 + (-3)/15?
2
What is the units digit of 52/39 + ((-508)/(-6) - 0)?
6
Suppose 0 = -4*g - g + 25. Suppose g*d = 73 + 17. What is the units digit of d?
8
Let g = -120 - -187. What is the tens digit of g?
6
Let h(k) = -8*k**2 - 2*k - 1. Suppose 4*n - 13 = y, -3*n + 11 = -5*y - n. Let g be h(y). Let s = g + 14. What is the units digit of s?
7
Let y be 2/((-5)/((-45)/6)). Let g(h) = -7*h - h + 2 - y. What is the units digit of g(-1)?
7
Suppose -3*r - 3 = -4*r. Suppose -2*x + r*x = 0. Suppose -5*c - 2*b + b + 79 = x, -2*b + 68 = 4*c. What is the units digit of c?
5
Let m be 168 - (-3 + (1 - 0)). Suppose 4*z = -z + m. Suppose z = 3*s + 4. What is the tens digit of s?
1
Suppose 0 = -5*t - 6 - 9. What is the tens digit of -12*((-22)/t)/(-2)?
4
Let f(d) = -2*d - 18. Let p be f(-15). Let b = p - -8. What is the tens digit of b?
2
Let c be ((-2)/5)/(6/(-30)). Suppose 0 = u + c - 4. Suppose -z + 5*d = -0*z - 25, z + u*d = -3. What is the units digit of z?
5
Let x(p) = p**3 + 3*p**2 + 3*p + 3. Let b be x(-3). Let d(m) = -m + 1. What is the units digit of d(b)?
7
Suppose -351 = 15*k - 18*k. What is the tens digit of k?
1
Let u(n) = 17*n**2 - 2*n + 1. Suppose 0 = -0*i - 3*i + 3. Let a be u(i). Suppose -2*b = -3*b + a. What is the units digit of b?
6
Let l(g) = -g - 2. Let z be l(-3). Suppose -22 = -3*h - z. Let t = h + 2. What is the units digit of t?
9
Suppose -33 = -5*h - u, -3*h - u + 0*u = -21. Suppose -4 - h = -2*x. Suppose -1 + x = 2*w. What is the units digit of w?
2
Let n be 1/(0 + (-1)/1). Let k be (n - -1) + 2 + -3. What is the units digit of (4 + k)/(2/6)?
9
Let l be 0*1/3 - 0. Suppose 9*p - 4*p - 2*g - 1 = 0, l = -5*p + 3*g - 1. What is the units digit of (5/2)/(p/2)?
5
Let j(z) = -z**3 + 12*z**2 - 13*z. Let d be j(10). Suppose 0 = -2*g - 4*x + d, -86 = -5*g + 4*x + 117. What is the tens digit of g?
3
Let j = -4 - -6. Suppose -j*q = -8, -s + 0*s - 5 = -q. What is the units digit of 2/(-2 - s) - -10?
8
Suppose o = -3*q + 5, -3*q - 3 = -5*o + 4. What is the units digit of q?
1
Let c(q) = -25*q**3 - q**2 - 5*q - 4. What is the tens digit of c(-2)?
0
Let h(f) = f**3 + 8*f**2 + 7*f - 4. Let c be h(-7). What is the tens digit of 13 + 6*2/c?
1
Let w be (-1 + 1)/(0 - 1). Suppose 2*l = 4*q + 44, q - 2*q = -2. Suppose w = -3*c + c + l. What is the units digit of c?
3
Suppose -2*b - 125 = 3*b + 2*f, 4*b + 5*f + 117 = 0. Let w = 36 + b. Let t = 21 - w. What is the units digit of t?
8
Let f(l) = -16*l**2 + 46*l + 36. Let h(n) = 3*n**2 - 9*n - 7. Let c(x) = -2*f(x) - 11*h(x). What is the units digit of c(7)?
5
Let n be 2 + (-8 - (-1 - -1)). Let y = n + -2. Let l(x) = -x. What is the units digit of l(y)?
8
Suppose 0 = 3*s + 2 - 38. What is the units digit of s?
2
Suppose 0 = -c - 2*c + 12. Let x = 4 - c. Let p = 1 + x. What is the units digit of p?
1
Let m = 399 - 104. What is the hundreds digit of m?
2
Let g be (-2 - -2)/(-4 + 2). Suppose 129 = 6*z - 3*z. Suppose 10*p - 5*p - 3*u - 29 = g, -5*p - 4*u + z = 0. What is the units digit of p?
7
Suppose 13 = -4*p - 11. What is the units digit of 1*3/p*-14?
7
Let o(d) = -d**3 - 10*d**2 + 11*d + 2. Let n be o(-11). Let q be ((-3)/6)/(n/48). What is the units digit of 2/(1/q*-2)?
2
Let n(f) = -4*f**3 + f + 1. Let t be n(-1). Suppose 0 = -d + 3*z - 3, -4 - 4 = -t*z. What is the units digit of (-10)/6*(d - 6)?
5
Let d = -19 + 100. Suppose 4*r + 5*c = d, -r + 32 = 2*r - 2*c. What is the units digit of r?
4
Let w = -86 + 126. What is the tens digit of w?
4
Suppose -4*k + 101 = 3*v, 0*v - 2*v = -4*k + 86. Suppose -5*f + 55 = 2*b, 4*f - 3*f - 2*b = k. What is the units digit of f?
3
Let y be ((-1)/(-3))/((-3)/(-18)). Suppose q + 12 = -4*u - y*q, 4*u + 12 = -2*q. Let m = -1 - u. What is the units digit of m?
2
Let f(s) = -2*s**2 + 31*s - 26. What is the units digit of f(12)?
8
Suppose 0 = -h + 3*h - 454. What is the units digit of h?
7
What is the tens digit of (-274)/(-10) - 4/10?
2
Let u be 1/(7/((-322)/(-186)) + -4). Let z = 4 - 18. Let v = u + z. What is the units digit of v?
9
Suppose -4*v + 27 = 5*o, -3*o + 0*o - 2*v = -15. Let p be (1/o)/(2/6). What is the tens digit of 0 - 13/(-1)*p?
1
Let n(h) = -h**2 + 3*h - 2. Let m be n(3). Let u = 0 - m. What is the units digit of (6/u)/((-6)/(-4))?
2
Let g(c) be the third derivative of c**4/24 + 3*c**3/2 + 2*c**2. What is the units digit of g(-7)?
2
Suppose -2*i = p - 6*p + 9, 4*i - 3 = 3*p. Suppose -4*n + 2*n - 10 = 0. Let o = i - n. What is the units digit of o?
8
What is the units digit of -6 + 1 - (-260)/13?
5
Let v = 5 + -5. Suppose -2*p + 8 = v, 3*j - p - 10 - 1 = 0. Suppose d - 3*w = -9, 2*d - 6*d + j*w = 1. What is the units digit of d?
6
Suppose -4*h - 1 = a, -8 = -2*h + 4*h. What is the tens digit of a?
1
Let j(q) = q + 4. Let h be j(7). Let x = h + -4. What is the units digit of x?
7
Let k = 6 + -7. Let j = 20 - k. What is the tens digit of j?
2
Suppose 2*x - 4 = r + 2, x = r + 4. Let t be (3 - -1)*1/x. What is the units digit of 3/t*30/9?
5
Let f(k) = -k**3 + 5*k**2 + 5*k. Let h be f(5). Suppose -2*y + 7*y - h = 0. Suppose 2*p = y*p - 3. What is the units digit of p?
1
Suppose 3*j - j - 130 = 0. Suppose -6*a + 11*a = j. What is the tens digit of a?
1
Suppose 3*b + 3 = -3*p, -2*b = -7*b - 3*p - 9. Let r(g) = -4*g + 2. Let c be r(1). What is the units digit of (-2)/4 + b/c?
1
Let j(z) be the second derivative of z**5/20 - z**4/2 + 5*z**3/6 + z**2 + z. What is the units digit of j(5)?
2
Suppose 21*b = 22*b - 128. What is the hundreds digit of b?
1
Suppose 3*m - 2*m - 5 = 0. Let t(a) = a - 4. Let x be t(m). Suppose -2*v - x = -3*v. What is the units digit of v?
1
Let w = -127 + 244. What is the units digit of w?
7
Let t = 9 + -5. Let p be 1 - t/((-2)/(-1)). What is the tens digit of 182/12 - p/(-6)?
1
Let p be (-1 - -3)/((-2)/(-30)). Suppose 4*v - 42 = p. What is the units digit of v?
8
Let d(n) = n - 2. Let w be d(5). Let m(c) = -2*c + 1. Let k be m(-6). Suppose -40 = -w*z - k. What is the units digit of z?
9
Let l(r) = -259*r**3 - 2*r - 1. What is the hundreds digit of l(-1)?
2
Let u(w) = -22*w - 2. Let x be u(1). What is the tens digit of (-884)/x - 2/(-12)?
3
Suppose 4*s - 62 = 2*o, -2*s + 51 = 2*o + o. Suppose -4*x - 3*m + s = 0, -3*m = -x + m + 14. What is the units digit of x?
6
Let p = -81 - -155. Suppose -a = 5*r - p, r - 4*r - a + 46 = 0. Let i = r - 6. What is the units digit of i?
8
Let v = 7 - 3. Suppose -v*s = s - 10. What is the units digit of s?
2
Let w be 14/(-63) + 29/9. Suppose 97 + w = 4*n. What is the tens digit of n?
2
Let t(v) = 29*v**3 + 1 + v + 16*v**3 + v**2 - 3*v. What is the units digit of t(1)?
5
Let a be (2 - (5 + -2)) + 20. Let i = 32 - a. What is the tens digit of i?
1
Suppose 3*b - b + z - 180 = 0, -4*z = b - 97. What is the units digit of b?
9
Suppose -4*g + 212 - 4 = 0. What is the tens digit of g?
5
What is the units digit of ((-39)/2)/(6/(-12))?
9
Let t(n) = 3*n**3 - 5*n**2 + 4*n - 3. What is the tens digit of t(3)?
4
Let c(p) = p**2 + p - 2. Let d be c(-2). Let a be 12 - d - (-3 - -2). Suppose 0*q = 2*q - 5*k - 17, -2*q - a = 5*k. What is the units digit of q?
1
Suppose 5*k - 63 = 3*m, k + 4*m - 3*m = 11. Let s = k - -35. What is the tens digit of s?
4
Suppose -4 = 5*u + 11. Let h be 1*(4/2 + -3). What is the units digit of h*(3 - 2)*u?
3
What is the units digit of (-10)/(-75)*-3*-215?
6
Let a = 159 + 66. What is the units digit of a?
5
Suppose -4*s + 4*p = -260, -s - 3*p - 327 = -6*s. What is the tens digit of s?
6
Let z = 9 - 7. Let v be (z - -68)/(0 - -1). What is the units digit of v/5*(-1 - -2)?
4
Suppose -y = h - 9 - 27, 2*y = -